ded by c?
14
Suppose -j + 15 = 2*j. Suppose 0*m - j*m = 0. Suppose -s + 3*f = -m*s - 20, 1 = -f. Calculate the remainder when s is divided by 6.
5
Let f = 81 + -44. Let w(u) = u**3 - 5*u**2 + 3*u - 2. Calculate the remainder when f is divided by w(5).
11
Let c(t) = t**2 - 2*t + 2. What is the remainder when c(6) is divided by 9?
8
Suppose 180 = 4*y + 3*n, y = -4*y + 5*n + 260. Suppose -6 = 2*o, -43 = -4*h + 2*o - 5*o. What is the remainder when y is divided by h?
9
Let m(l) = l**3 + 8*l**2 + 4*l - 10. What is the remainder when 31 is divided by m(-7)?
9
Suppose h = -5*y + 30 + 31, 3*y + 129 = 4*h. Calculate the remainder when 140 is divided by h.
32
Let a be (-2)/10 + (-204)/(-20). Suppose 2*l - 6*l + u + 5 = 0, -4*l = -2*u - a. Suppose l = -4*p + 3*p + 7. Calculate the remainder when 12 is divided by p.
5
Let z(f) = -f**2 + 7. Let i(b) = b**2 - 8*b - 8. What is the remainder when i(10) is divided by z(0)?
5
Suppose 0 = 4*g - 19 + 3. Suppose 4*r = 264 + 52. What is the remainder when r is divided by -27*(g + -7 + 2)?
25
Suppose -u + 2*o + 80 = 4*u, 5*u - o - 80 = 0. Let c = u - 14. Suppose -6 = -t - t. Calculate the remainder when t is divided by c.
1
Let f be (-1)/(6/(-5) + 1). Let w = f - -2. What is the remainder when w is divided by (4 + -3)/((-2)/(-6))?
1
Let t = -3 - -3. Let g(j) = j**3 + j + 3. Let r be g(t). Let i = r - 2. Calculate the remainder when 1 is divided by i.
0
Let o(d) = d + 7. Suppose 4*i + i = -30. What is the remainder when 1 is divided by o(i)?
0
Let j(w) = -w**3 - 4*w**2 + w - 3. Let y = -20 + 69. What is the remainder when y is divided by j(-5)?
15
Suppose -2*h = -19 - 7. Calculate the remainder when 34 is divided by h.
8
Suppose -4*w = -2*t - 72, 0 = -4*w - 3*t - 2*t + 100. What is the remainder when w is divided by 11?
9
Let s(d) = -24*d - 2. Let t be s(-3). Suppose 8*a - t = 3*a. What is the remainder when a is divided by 4?
2
Suppose -55 - 1 = -4*g. Calculate the remainder when 67 is divided by g.
11
Suppose -189 = -4*l + 219. Calculate the remainder when l is divided by 26.
24
Suppose 0 = 4*i + 4*f - 52, 6*i - 2*f - 30 = 4*i. Let t be (0 - -6)/((-2)/(-2)). Calculate the remainder when (-121)/(-3) + (-2)/t is divided by i.
12
Let f = 63 - 28. Let b be (0 - -1)*0 + f. Suppose -x + b = 4*x. What is the remainder when 20 is divided by x?
6
Suppose -3 = -5*p + 2*p. Calculate the remainder when 2 is divided by p.
0
Let d(z) = z**2 + 3*z + 6. Calculate the remainder when d(-12) is divided by 29.
27
Let y = 26 - 21. Suppose y*i - 4*q - 231 = 0, 93 + 2 = 2*i + q. Calculate the remainder when i is divided by 16.
15
Let d(j) = 13*j - 18. Calculate the remainder when 83 is divided by d(3).
20
Suppose 5*f + 5*i - 258 = -83, -4*i = 5*f - 177. What is the remainder when 72 is divided by f?
35
Let c be -3*(-1 - (0 - 0)). Suppose c*b = b - 42. Let w = 5 - b. What is the remainder when w is divided by 14?
12
Let s(i) = -i**2 - 7. Let a be s(-5). Let f = -23 - a. Calculate the remainder when 35 is divided by f.
8
Let t(y) = 31*y**2 + 2*y + 1. Suppose 5*j = -0*j + 80. What is the remainder when t(-1) is divided by j?
14
Suppose 0*f = -2*f + 8. Calculate the remainder when 9 is divided by f.
1
Suppose 2*g - 30 = -4*g. Calculate the remainder when 22 is divided by g.
2
Let o = 146 - 97. Let b(j) = j**3 + 7*j**2 + 4*j + 1. Let i be 4/6*(-4 - 5). What is the remainder when o is divided by b(i)?
10
Calculate the remainder when 49/(-21)*(-16 + 1) is divided by 18.
17
Suppose -6*r = -r - 4*d - 359, 12 = 3*d. What is the remainder when 19 is divided by r/12 + (-6)/(-8)?
5
Suppose i = -2*i + 6. Suppose 3*m + 4 = 4*m. Calculate the remainder when 2*2/m + 1 is divided by i.
0
Let c = 5 - 2. Suppose c = 2*v - 9. Calculate the remainder when 30 is divided by (8/(-5))/(v/(-60)).
14
Let c(s) = -s**3 - 9*s**2 - 14*s + 7. What is the remainder when c(-8) is divided by 12?
7
Let i(c) = -3*c**2 - 56*c + 21. What is the remainder when 32 is divided by i(-19)?
0
Suppose -5*g + 185 = -0*g. Let q = -26 + g. Let i = -80 - -112. What is the remainder when i is divided by q?
10
Let l be (-2)/(-6) + (-164)/(-12). Let v(t) = 3*t**3 - 2*t**2 + 1. Let x be v(1). Suppose -3*o = -l + x. What is the remainder when 10 is divided by o?
2
Calculate the remainder when (-2)/((-60)/(-235))*-6 is divided by 13.
8
Let z = -47 + 78. Calculate the remainder when 121 is divided by z.
28
Suppose -5*y = 4*c - 182 - 91, 5*c + 186 = 3*y. Calculate the remainder when y is divided by 15.
12
Let i be (3*-1)/(-3) - -3. Suppose -i*j = -0 - 8. Suppose -5*h - 3*c = -55, 0*h - 32 = -3*h - j*c. Calculate the remainder when h is divided by 5.
4
Let a = -15 - -38. Calculate the remainder when a is divided by 12.
11
Let j = 160 - 117. What is the remainder when 94 is divided by j?
8
Let g = 300 + -556. What is the remainder when 71 is divided by ((-6)/8)/(8/g)?
23
Let r = -18 + 27. What is the remainder when r is divided by 6?
3
Suppose 4*g = 2 + 14. Suppose 0 = -2*y - 4*s + 12, -y + 28 = 3*y + g*s. Calculate the remainder when 14 is divided by y.
6
Let j(t) = 3*t - 2. Let q be j(6). Suppose i - 38 = w - 12, -i - w + q = 0. Calculate the remainder when 40 is divided by (-2)/(-12)*4*i.
12
Suppose 0 = -6*u + 3*u - f + 114, 6 = 2*f. What is the remainder when u is divided by 20?
17
Suppose 5*y = k + 25, y - 5*k = -8*k - 11. Suppose 15 = n - 6*n. Let z(l) = l**3 + 5*l**2 + 3*l - 2. What is the remainder when z(n) is divided by y?
3
Let v = -9 - -8. Let k = v - -5. Calculate the remainder when 14 is divided by k.
2
Let d be 48/26 + (-2)/(-13). Let q(n) = 2*n + 1. Calculate the remainder when 8 is divided by q(d).
3
Calculate the remainder when 93 is divided by 63/4 + (-4)/(-16).
13
Let f be ((-108)/21)/(9/(-42)). Suppose 38 + f = j. What is the remainder when j is divided by 21?
20
Let j = 3 - -9. Calculate the remainder when -14*(-2)/j*9 is divided by 6.
3
Let s(q) = 3*q**2 - 2*q + 3*q**2 + 13 - 9*q - q**3 - 18*q**2. Suppose 4*j + y - 13 = -54, -5 = j + 2*y. What is the remainder when 38 is divided by s(j)?
12
Suppose 4*l + 2*x = 154, -6*l - x = -2*l - 155. Let u = l + -22. What is the remainder when u is divided by 5?
2
Let l = -2 - -12. Suppose -3*j = -2*j - l. What is the remainder when 27 is divided by j?
7
Suppose 5*k - z = 446, -3*z = -3*k + 2*z + 272. What is the remainder when k is divided by 18?
17
Let v = 39 - 2. Suppose x = -2*z + 13, z = 5*x + 4*z - v. What is the remainder when 14 is divided by x?
4
Suppose 0 = 4*l - 4*y - 284, -2*l + 161 = -4*y + 15. What is the remainder when l is divided by 18?
15
Suppose -3*f - 2 = -f. Let k be (f/(-3))/((-7)/(-105)). Suppose -k*u = -u - 40. What is the remainder when 19 is divided by u?
9
Suppose 4*v + 62 - 334 = 0. Suppose v - 8 = 5*q. What is the remainder when q is divided by 1/(-2) - (-30)/4?
5
Suppose 5*g - 68 = -3. Calculate the remainder when (-2)/12 + 2 + 651/18 is divided by g.
12
Let j be (8/(-4))/(63/(-31) - -2). Let v be (-4)/(-6) + 32/6. What is the remainder when j*((-9)/v - -2) is divided by 11?
9
Suppose -3*m + c + 10 = 0, 2*c = -3*m - 3 + 10. Let v(z) = z**2 - 10. Let j be v(-3). What is the remainder when m is divided by (-5 - -5) + j + 3?
1
Let i be 0 + 2/4*2. Let q be (1 + -1)*i/(-3). Suppose -h = -a - 25, 2*h - h + a - 27 = q. What is the remainder when h is divided by 9?
8
Let h(i) = 2*i**3 - 7*i**2 + 4*i - 4. Calculate the remainder when 81 is divided by h(4).
25
Let l(r) = r + 10. Let f be l(-6). Suppose 0 = -a + f*a - 27. Calculate the remainder when 32 is divided by a.
5
Let i(q) = q**2 - q + 7. Let a be i(-7). Suppose 5*y - 62 = -4*v, 0 = 5*y + 5*v - 2 - a. What is the remainder when 29 is divided by y?
9
Let l(s) = 3*s**3 - s**2 - 3*s**2 - 4*s**3 + 2*s - s**2 + 5. What is the remainder when l(-6) is divided by 20/(-1)*1/(-2)?
9
Let g(a) be the first derivative of -a**4/8 + a**3/6 + a**2 - 1. Let d(i) be the second derivative of g(i). What is the remainder when d(-3) is divided by 3?
1
Suppose -r + 6 = 4*i - 25, 0 = 2*r + 3*i - 47. Let s = 9 + -4. Suppose -4*o + 12 = 0, -s*q + 2*o = -2*q - 159. What is the remainder when q is divided by r?
17
What is the remainder when 230/55 - (-2)/(-11) is divided by 3?
1
Let u(a) = -a**2 - 11*a - 4. Calculate the remainder when 79 is divided by u(-8).
19
Suppose 0*v = 2*v + 12